t l(x) = -15*x**2 - 1. Let d be l(-1). Let v be (-40)/d*(-12)/(-10). Let b(o) = 6*o**2 + 5*o - 2. Is b(v) prime?
True
Is (-2927)/((-2)/(1 + 1)) a composite number?
False
Let r = 18 - 32. Let n be r/(-2) + 2 + -4. Suppose 3*x - 5*p = 354, n*x - p = -4*p + 556. Is x composite?
False
Suppose -3 = -3*l - 0. Let w be (69 - 0) + 3/l. Let g = w - 37. Is g a prime number?
False
Let g(m) = m + 111. Let t be g(0). Suppose 0*u - t = -u. Is u a prime number?
False
Suppose -5*w = 14 - 4. Is (-4)/((-16)/36) + w composite?
False
Let f = -4 - -7. Suppose -5*r = f*i - 20, -5*i + 3*r = -2*r - 20. Suppose i*k - 22 = 48. Is k composite?
True
Suppose 2*v + 0*c = 3*c - 3, 0 = -3*c - 3. Let i = v - -3. Suppose i = 2*o - 72 + 2. Is o prime?
False
Suppose 18 - 82 = -4*q. Suppose 5*t - 30 = -5*s, -2*t + 3*s + 9 = 2*s. Suppose -19 = -t*f + q. Is f composite?
False
Is (552/(-18))/((-4)/6) prime?
False
Suppose 0*i + 4*i = 8. Is i/5 - 159/(-15) a composite number?
False
Let o(t) = -25*t**2 - 3*t + 2. Let v be o(5). Let h = v + 914. Suppose x + h = 5*b - 152, -4*b + 349 = -3*x. Is b a prime number?
False
Suppose -p = 5*x - 235, -p + 235 = 3*x - 7*x. Is p composite?
True
Let k(o) = 6*o**2 - 1. Let a = 5 - 4. Let p be k(a). Suppose -p*u - 71 = -441. Is u composite?
True
Let c(b) = -b**3 - 2*b**2 - 2*b + 4. Is c(-5) composite?
False
Let u = 119 - -1242. Is u composite?
False
Let o(z) = z**3 - 6*z**2 - 6*z + 7. Suppose -4*g + 23 = 5*m, 0 = -0*m + m - 3. Let t be (-7)/((g + 0)/(-2)). Is o(t) prime?
False
Let r(x) be the second derivative of -x**4/12 + 5*x**3/3 + 5*x**2/2 - x. Is r(8) prime?
False
Suppose 2*f - 517 = 597. Is f a composite number?
False
Suppose 2*m + 4*d - 7*d + 53 = 0, 3*m = -3*d - 57. Let x(i) = -i**3 + i**2 - 59. Let t be x(0). Let r = m - t. Is r composite?
False
Let w = 353 + -236. Let p = w + -22. Is p a composite number?
True
Let l(k) = k**3 + 9*k**2 + 4*k + 3. Suppose -5*r + 18 = -2*r. Suppose -2*s = p + 4, -4*s - 12 = -r*s - 5*p. Is l(s) a composite number?
False
Suppose 4*g - 324 = 4*p, -3*g + 5*p = 3*p - 239. Is g + 0 + 0/(-1) a prime number?
False
Let b(p) = 81*p**2 + 3*p + 1. Let f be (-4)/(-10) - (-48)/(-20). Is b(f) prime?
False
Suppose -3*w + 4*w = 2. Suppose -3*m + 286 = w*i, -3*i + 3*m + 178 = -251. Is i prime?
False
Let m be 8*((-15)/(-6) + -3). Is 0 + 254*(-2)/m prime?
True
Suppose -242 - 182 = -2*x. Let w = -67 + x. Is w composite?
True
Suppose c = 3*c - 12. Let u be 2/c + (-66)/(-18). Suppose -53 = -u*d + 287. Is d a prime number?
False
Suppose -3*t + 2994 = 3*t. Is t a composite number?
False
Is (-4 + 110)/1*1/2 a composite number?
False
Let a(f) = 4*f**2 - 2*f + 4. Let s be a(6). Let j = 227 - s. Is j a composite number?
True
Suppose 4 + 0 = 2*x. Suppose 27 = x*v - 39. Is v prime?
False
Suppose 34 = h - 4*p, -p = 5*h - 0*p - 65. Let n be 10/35 - (-6926)/h. Suppose -4*x + n = 19. Is x composite?
True
Is (0 + -1 + 0)*(-2198)/14 a composite number?
False
Suppose -11 = -5*y + 4. Is y composite?
False
Suppose -7*h + 4*h + 120 = 0. Let j = -15 + h. Is j - (2 - 0 - 0) prime?
True
Let y(t) = -t**2 + 6*t + 2. Suppose 2*z + 5*d + 3 = 0, -5*z + 2*z + 6 = 4*d. Let m be y(z). Suppose m*i = -3*g + 45, -4*g = 2*i + g - 55. Is i composite?
True
Suppose w - 4 = -b, 0*w - 17 = -3*b + 2*w. Suppose -3*a - 16 - 91 = -b*c, 3*c - 37 = -5*a. Is c prime?
True
Let r(v) = 2*v**2 - 6*v - 1. Let n(s) = 2*s**2 - 6*s - 2. Let f(u) = 4*n(u) - 3*r(u). Suppose -36 + 11 = -5*q. Is f(q) prime?
False
Suppose 6*q - t - 1519 = 2*q, 0 = 4*t + 12. Is q a prime number?
True
Suppose d - 4 = -2*i + 4, 2*d = -2*i + 8. Suppose 0 = 2*v + 6, i*v = -2*a + 127 + 147. Suppose -2*u + 5*h + 31 = -54, 4*u = h + a. Is u a composite number?
True
Let r = 96 - 43. Let i = r + -16. Is i prime?
True
Let p be (-78)/21 + 4/(-14). Let o(i) = 7*i + 2. Let z be o(p). Let f = 40 + z. Is f composite?
True
Suppose -11*x + 7*x + 24 = 0. Is 2*(765/x - -4) composite?
False
Suppose 3*o - 1655 = -2*o. Let n = 750 - o. Is n prime?
True
Let g be (-2)/6 + (-39)/(-9). Suppose -4*x + 68 = -g*w, 0*w - 92 = -4*x - 2*w. Let f = 31 - x. Is f composite?
True
Suppose 8*g - 2*g - 2994 = 0. Is g a composite number?
False
Let t(i) = -i**3 + 4*i**2 + 7*i - 2. Let a be t(5). Suppose 0 = -u + 11 + a. Let y = u - 4. Is y prime?
False
Let j(d) = 114*d**3 + 5*d**2 + 9*d - 3. Let s(a) = -57*a**3 - 3*a**2 - 5*a + 2. Let k(y) = -3*j(y) - 5*s(y). Let c be k(-1). Suppose 2*x - 100 = c. Is x prime?
True
Suppose 4075 = -24*f + 29*f. Is f composite?
True
Let a = 11 - 15. Let h(b) = -b**3 - 3*b + 1. Is h(a) prime?
False
Let k = -3 - -5. Suppose k*m - 3*m + 119 = 0. Is m a prime number?
False
Let c(i) = 39*i - 5. Is c(8) composite?
False
Suppose -2*r = -10, -5*r + 215 - 3 = p. Is p composite?
True
Suppose -2*k + 663 = -511. Is k prime?
True
Let d(r) = -13*r + 5. Let t be d(3). Let k be (-2)/((-2)/(-49)) - -1. Let a = t - k. Is a a prime number?
False
Suppose 0 = 6*y - 2056 - 3134. Is y prime?
False
Let b(n) = 220*n**2 - n + 2. Let l be b(-2). Suppose l - 323 = 3*u. Is u composite?
True
Suppose -2*v + 283 = 45. Is v a prime number?
False
Let b(c) = -9*c**2 + 4*c - 17. Let t(p) = -5*p**2 + 2*p - 9. Let z(s) = -4*b(s) + 7*t(s). Is z(8) a composite number?
False
Let s = 9 + -5. Suppose 20 = 2*t - 3*c, -2*t - 3*c + 0*c - s = 0. Suppose 0 = t*y - 3*y - 7. Is y composite?
False
Suppose -4*r + r + 15 = 0. Suppose -6*x + 3*x - 370 = -r*i, -x - 380 = -5*i. Is i prime?
False
Suppose 5*n = -4*d + 3511, -2809 = -7*n + 3*n - 3*d. Is n a composite number?
True
Let n(l) be the third derivative of -l**6/120 - l**5/12 + l**4/24 + l**3/2 + 3*l**2. Is n(-6) a composite number?
True
Let j(x) = 2 - 4*x**3 + 2 - 5*x - 32*x**2 + 39*x**2. Let s be j(4). Let p = s + 287. Is p a composite number?
False
Suppose -2*n = -45 - 233. Is n prime?
True
Suppose -728 = -2*p + 398. Is p a composite number?
False
Is (-4)/10 - (-3129)/35 prime?
True
Suppose -4*q - 4*p = -160, 0 = -3*q - 3*p + 5*p + 130. Suppose t - q = 7. Is t a prime number?
False
Let t be (3 - -2)*-3 - 1. Let p = -9 - t. Is p a composite number?
False
Let m(i) = -8*i - 2. Let l be m(-11). Suppose 4*f - 1710 - l = 0. Is f a composite number?
False
Suppose -3*v + 290 = 2*v. Is v a prime number?
False
Let m = 567 - 348. Let x = -152 + m. Is x prime?
True
Let q be ((-2)/(-6))/((-1)/(-9)). Suppose 26 = -n + q*n. Is n a prime number?
True
Let o(p) be the third derivative of 29*p**4/24 + 2*p**3/3 - 2*p**2. Let a(t) = -43*t - 6. Let i(y) = 5*a(y) + 8*o(y). Is i(3) composite?
False
Let c = -5 + 10. Suppose 1607 = c*l + 2*w, 4*l - 961 = l - 2*w. Is l a composite number?
True
Suppose 8*b = 6*b + 218. Is b a prime number?
True
Let m = 4782 - 2497. Is m a composite number?
True
Let s(j) = 5*j**2 - 6*j - 20. Is s(-15) a composite number?
True
Let c = -641 + 1274. Is c prime?
False
Suppose 0 = 3*z - 251 - 226. Is z a composite number?
True
Let p be 189*((-10)/(-6) + -1). Suppose w - 59 = p. Suppose 6*n = n + w. Is n a prime number?
True
Let t(z) = -273*z + 8. Is t(-5) prime?
True
Is ((-3354)/(-30))/(2/10) prime?
False
Let p be ((-4)/(-10))/((-6)/(-60)). Suppose p*h - 11 = 9. Suppose -4*o + 76 = 2*j + j, h*o - j = 95. Is o composite?
False
Let v(k) = 68*k**2 - k. Let n(q) = 2*q**2 + 2*q + 1. Let j be n(-1). Is v(j) a prime number?
True
Let k = 176 - -87. Is k a prime number?
True
Let k be 8/5 - (-8)/20. Let f be (-3)/9 - k/3. Let w = f + 38. Is w a prime number?
True
Let m be (-5)/5*5/(-1). Let t(f) = -f**3 + 5*f**2 + f - 2. Let j be t(m). Is ((-9)/(-2))/(j/4) a composite number?
True
Suppose -5*f = -2*b - 193, -2*f - 54 = -4*f - 5*b. Is f a composite number?
False
Let h(o) = o**3 - 6*o**2 + 4*o - 2. Let m(z) = z + 7. Let r be m(0). Suppose 4*a - 17 = r. Is h(a) composite?
True
Let q(o) = o**2 - o - 3. Let t = 2 + -5. Is q(t) a prime number?
False
Suppose 4*s + 4*x + 8 = 0, -s + 3*x = s - 16. Let p(d) = 29*d - 3. Is p(s) a composite number?
True
Let x(i) = -i**3 + 2*i**2 + 787. Is x(0) prime?
True
Let l(d) = -d**3 - d**2 - 2*d + 65. Is l(0) a prime number?
False
Let i(w) = -w**3 + 6*w + 4. Let m be i(-4). Suppose 0*u = 2*u - m. Is 4/u + (-1757)/(-77) a composite number?
False
Suppose v = -20 - 2. Let a = 53 + v. Is a a composite number?
False
Suppose -3*u = -2*u - 5*r - 27, -30 = -5*u + 4*r. Suppose -w - 5*z = -3, -4*w + 4